 - -26. Suppose d = -3*d + b. What are the prime factors of d?
2
Let l(t) = 704*t. What are the prime factors of l(1)?
2, 11
Let y(k) = 2*k + 27. Let z be y(-12). Suppose z*m - 8 = 1. Suppose -4*s + m*s = -16. What are the prime factors of s?
2
Suppose -35*h + 39*h - 3708 = 0. List the prime factors of h.
3, 103
Suppose 5*p = -4*a - 0*p - 24, 4*a - 3*p = -56. Let w(q) = -q**3 - 10*q**2 + 11*q - 4. Let x be w(a). What are the prime factors of (8 + x/(-2))/2?
5
Let x = -50 + 9. Let c = 71 + x. Suppose c = d - 30. What are the prime factors of d?
2, 3, 5
Let n(l) = 21*l**2 - l. Let k = -14 + 15. List the prime factors of n(k).
2, 5
Let w be 3/(-2 - -1) - 0 - -299. Let f = w + -101. What are the prime factors of f?
3, 5, 13
Suppose 24669 = 12*y - 22935. List the prime factors of y.
3967
Let b(s) = -s**2 - 5*s + 7. Let u be b(-6). List the prime factors of ((-120)/80)/(u + 502/(-496)).
2, 31
Let f(h) = h**3 - 9*h**2 + 13*h + 7. Let n be f(7). Suppose -4*p + 2*j + 178 = 0, n*p - 4*j + 94 = 2*p. List the prime factors of p.
3, 5
Let c = 926 - 648. Suppose -g + c = 5*x - 3, 2*g + 54 = x. What are the prime factors of x?
2, 7
Suppose -6 + 9 = 3*k. What are the prime factors of (-5 - -2)/(1/(-1)) + k?
2
Suppose 3*w - 4*n - 9 = 0, -2*w + 8*n - 1 = 3*n. Let p = 21 + w. What are the prime factors of p?
2, 7
Suppose 17 = 80*n - 79*n. Let g(y) = y**2 - 3*y + 46. What are the prime factors of g(n)?
2, 71
Let k(i) = -609*i - 189. Let u(f) = 16*f + 5. Let h(g) = -2*k(g) - 77*u(g). Let o be h(-5). Suppose -v = -o + 4. List the prime factors of v.
59
Suppose -32*d + 28700 = -7*d. What are the prime factors of d?
2, 7, 41
Suppose 0 = 24*b - 9912 - 408. List the prime factors of b.
2, 5, 43
Suppose -u = 3*b - 11, 2*u + 0 = -3*b + 13. Let f = u - -3. Suppose -4*k + 61 = 4*p - k, 28 = p + f*k. What are the prime factors of p?
13
Let b(a) = -26*a + 260. What are the prime factors of b(0)?
2, 5, 13
Suppose -2*z + 1366 = -6*w + 3*w, 0 = 5*z - 25. What are the prime factors of (25/(-10) - -2)*w?
2, 113
Let s(h) = 281*h**2 + 17*h - 60. What are the prime factors of s(3)?
2, 3, 5, 7
Let l(w) = w**3 + 3*w - 2. Let r be l(1). Let q(d) = 3*d. List the prime factors of q(r).
2, 3
Suppose -55 = 2*h - 65. Suppose -4*d - d = -5*x + 900, 5*d - 850 = -h*x. List the prime factors of x.
5, 7
Let c = 1222 + -394. Suppose -5*n - x = 3*x - 1056, 4*n - c = x. Suppose 0 = 5*y + 4*g - n, y + 29 = 2*y + 5*g. What are the prime factors of y?
2, 11
Suppose 13*u = -12*u + 33100. What are the prime factors of u?
2, 331
Suppose -84 = -3*j + 180. Suppose -j = -p - 4*c, 235 = 5*p - 5*c - 230. List the prime factors of p.
2, 23
Let r(a) = 2*a - 15. Suppose 4*c = -y + 9, -c - 45 = -5*y - 3*c. Let i be r(y). Suppose -o = o - h - 80, 201 = 5*o - i*h. What are the prime factors of o?
3, 13
Let y = 562 - 387. What are the prime factors of y?
5, 7
Let o be (1 + 11)/((-3)/(-69)). Suppose -5*d + o = 4*m - d, -4*m - 5*d = -275. Suppose -m = x - 6*x. List the prime factors of x.
2, 7
Suppose 1030 = 2*m - 3*j, -3*j = 3*m + 264 - 1839. List the prime factors of m.
521
Let h = -52 + 46. What are the prime factors of (9/h)/(-1 + 26/32)?
2
Suppose 0 = -3*x - x - 64. Let k(g) = g**2 - 2*g - 1. Let u be k(-3). What are the prime factors of x/(-56) - (-192)/u?
2, 7
Let m = 46 - -2. Let n = 89 - m. List the prime factors of n.
41
Suppose 0 = -5*h - 2*c - 6, -5*c + 3 = 5*h + 18. Let j be (2 - h)/((-3)/6). What are the prime factors of (6/9)/(j/(-78))?
13
Let f be 25/2*24/10. Let h be 4/f - 3066/45. Let s = h + 101. List the prime factors of s.
3, 11
Suppose 3*o = -2*l - 0*l + 22, -l + o + 1 = 0. Suppose 10*d - 200 = l*d. What are the prime factors of d?
2, 5
Suppose 3*x + 3 = -4*j, 2*j - 5 = -j + 5*x. Suppose j = q - 7*q + 1140. What are the prime factors of q?
2, 5, 19
List the prime factors of (-340)/(-4)*(-8 - (-438)/30).
3, 11, 17
Let w(d) = 18*d + 114. List the prime factors of w(-6).
2, 3
Suppose -2 = -t, 3*d + 29 = -2*d - 3*t. Let y = 7 - d. What are the prime factors of y?
2, 7
Suppose -10*w + 8454 + 10776 = 0. What are the prime factors of w?
3, 641
Suppose -l + 5*l - 220 = 0. What are the prime factors of l/1 - (0 + 6/(-3))?
3, 19
Let m(y) = y - 1. Let t(f) = -7*f - 2. Let l be t(-1). Suppose -l*w + 35 = -3*i, 0*w = 4*w + 5*i + 9. What are the prime factors of m(w)?
3
Suppose 5*o - 413 = -33. Suppose -5*n + o = 21. List the prime factors of n.
11
Let i = -42 - -46. Let n(a) = a**3 - 14*a + 5. List the prime factors of n(i).
13
Suppose 2*f = f + 344. Suppose -3*o + 2*k = -f, 208 = 2*o + 2*k - 38. What are the prime factors of o?
2, 59
Let n(g) = -10*g - 2. Let s(q) = 4*q**2 - 3*q. Let i(z) = 5*z**2 - 2*z + 1. Let y(p) = 5*i(p) - 6*s(p). Let v be y(-7). What are the prime factors of n(v)?
2, 3
Let h = -11 - -3. Let r = 8 + h. Let k = 27 - r. What are the prime factors of k?
3
Let r be 55*11 + 31 + -26. Suppose -2*d + 29 = h - 23, 5*d + 2*h - 129 = 0. What are the prime factors of r/d + (-4)/10?
2, 3
Let y = 50 + -23. Suppose -7*j - 2*b + 213 = -2*j, b + 37 = j. Let w = j - y. What are the prime factors of w?
2, 7
Suppose -2*y - n + 730 = 0, -5*y + 4*n + 1834 = 2*n. Let x = 641 - y. Suppose 2*r = -5*t - 3*r + x, -3*t - 2*r = -169. List the prime factors of t.
59
Let o = 1736 - 922. List the prime factors of o.
2, 11, 37
Suppose 702 = -237*p + 238*p. List the prime factors of p.
2, 3, 13
Suppose 0 = -4*y - 3*j + 2117, 4*y + 11*j - 2122 = 13*j. List the prime factors of y.
2, 5, 53
What are the prime factors of 6/7 + -1 - (-45024)/294?
3, 17
Let y be 4/16 + (-717)/4. Let z = -54 - y. List the prime factors of z.
5
Suppose -5*p + 869 = 2*g - 15280, p - 3*g = 3240. What are the prime factors of p?
3, 359
Let q = -9707 - -14819. What are the prime factors of q?
2, 3, 71
Suppose -4547 = -2*n - 33*d + 28*d, -6855 = -3*n + 4*d. List the prime factors of n.
2281
List the prime factors of 26/13 + 1143 - -3.
2, 7, 41
Let u(j) = j**2 - 2*j - 9. Let b be u(-4). Let k(z) = -z**2 + 14*z + 19. Let t be k(b). Suppose -t*w + 110 = w. List the prime factors of w.
2, 11
Let l(h) = 32*h + 196. What are the prime factors of l(13)?
2, 3, 17
List the prime factors of 5*-1 + (-6216)/(-7) + 1.
2, 13, 17
Suppose -2*m = -7*m + 190. Suppose 5*p - m = 47. List the prime factors of p.
17
Let d = -456 - -982. What are the prime factors of d?
2, 263
Let z = -608 + 648. What are the prime factors of z?
2, 5
Suppose 88 = -4*b + 8*b. Let c(l) = -4 + 0 + b*l - 9*l + 0. What are the prime factors of c(2)?
2, 11
Suppose -2*w - 8 = -4*d, d = 2*w - 4*w + 7. Suppose -3*k + 6 = 0, 3*g = w*k + k + 156. List the prime factors of g.
2, 3
Let v(l) = 3*l**2 - 35*l - 51. What are the prime factors of v(28)?
1321
Suppose -3*f - 24 = 3*b - 6*b, -5*f = 5*b + 10. Let t be -1 - 7/(2 - b). Suppose -42 = t*i - 8*i. List the prime factors of i.
3, 7
Let v(s) = 2*s**3 - s**2. Let a be v(1). Let i be ((-2)/5)/(a/(-170)). Suppose b = -2*o + 43, b = -4*o + i + 23. List the prime factors of o.
2, 3
Suppose 15964 = 25*d + 1089. List the prime factors of d.
5, 7, 17
Let q = -104 + 116. Let a(d) = 11*d - 41. What are the prime factors of a(q)?
7, 13
Suppose 0 = -7*h - 177 + 9508. List the prime factors of h.
31, 43
Let s(y) = -662*y**3 - y**2 - 22*y - 36. What are the prime factors of s(-2)?
2, 5, 53
Suppose c = -2*l - 4, -8*l + 3*l - 5 = 0. List the prime factors of c - ((-1)/3 - (-530)/(-3)).
5, 7
Let h = -5687 - -9186. What are the prime factors of h?
3499
Let f(a) = 66*a + 12. Let c(m) = -65*m - 13. Let g(n) = 5*c(n) + 6*f(n). What are the prime factors of g(2)?
149
Let c(z) = -z**3 - z**2 + z + 155. Let r be c(0). Suppose -2*l + 6*l + 620 = 5*b, -2*b = l + r. What are the prime factors of (8/20)/((-1)/l)?
2, 31
Let f be (15/(-10))/((3/148)/(-1)). Let k = f + -13. List the prime factors of k.
61
Let r(c) = -3*c**2 - 16*c + 4. Let b be r(-5). Let h be 24/(-14)*(-6 + -1). Suppose b*o + 117 = h*o. List the prime factors of o.
3, 13
Let x(n) = n**3 - 11*n**2 + 10*n - 2. Let p be x(10). Let t be (2 - 1)/(p/(-4)). What are the prime factors of (0 - t/(-2))*13?
13
Suppose 6 = q + 2*q. Let j(a) = 3*a + 5. Let s be j(7). Suppose -6 + s = q*x. List the prime factors of x.
2, 5
Let a = -226 - -327. List the prime factors of a.
101
Let l = 142 - -22. Let g be (0 - 6)/(0/2 - 2).